{"id":1295,"date":"2016-05-17T19:00:13","date_gmt":"2016-05-17T19:00:13","guid":{"rendered":"http:\/\/www.nolana-schafe.de\/de-pages\/wp-content\/uploads\/Zuchtbock-3j\u00e4hrig-im-Winterfell-Dez.-2015-ZGM-Viernau-Th\u00fcringen.jpg"},"modified":"2016-05-17T19:23:15","modified_gmt":"2016-05-17T19:23:15","slug":"olympus-digital-camera-6","status":"inherit","type":"attachment","link":"https:\/\/www.nolana-schafe.de\/de-pages\/dt_gallery\/barbados-blackbelly-bilder\/olympus-digital-camera-6\/","title":{"rendered":"BBB-Bock im Winterfell, Dez. 2015, ZGM Viernau, Th\u00fcringen"},"author":3,"featured_media":0,"comment_status":"closed","ping_status":"closed","template":"","meta":[],"class_list":["post-1295","attachment","type-attachment","status-inherit","hentry","description-off"],"description":{"rendered":"<p class=\"attachment\"><a href='https:\/\/www.nolana-schafe.de\/de-pages\/wp-content\/uploads\/Zuchtbock-3j\u00e4hrig-im-Winterfell-Dez.-2015-ZGM-Viernau-Th\u00fcringen.jpg'><img loading=\"lazy\" decoding=\"async\" width=\"300\" height=\"229\" src=\"https:\/\/www.nolana-schafe.de\/de-pages\/wp-content\/uploads\/Zuchtbock-3j\u00e4hrig-im-Winterfell-Dez.-2015-ZGM-Viernau-Th\u00fcringen-300x229.jpg\" class=\"attachment-medium size-medium\" alt=\"\" srcset=\"https:\/\/www.nolana-schafe.de\/de-pages\/wp-content\/uploads\/Zuchtbock-3j\u00e4hrig-im-Winterfell-Dez.-2015-ZGM-Viernau-Th\u00fcringen-300x229.jpg 300w, https:\/\/www.nolana-schafe.de\/de-pages\/wp-content\/uploads\/Zuchtbock-3j\u00e4hrig-im-Winterfell-Dez.-2015-ZGM-Viernau-Th\u00fcringen.jpg 679w\" sizes=\"auto, (max-width: 300px) 100vw, 300px\" \/><\/a><\/p>\n"},"caption":{"rendered":"<p>BBB-Bock im Winterfell, Dez. 2015, ZGM Viernau, Th\u00fcringen<\/p>\n"},"alt_text":"","media_type":"image","mime_type":"image\/jpeg","media_details":{"width":679,"height":518,"file":"Zuchtbock-3j\u00e4hrig-im-Winterfell-Dez.-2015-ZGM-Viernau-Th\u00fcringen.jpg","sizes":{"thumbnail":{"file":"Zuchtbock-3j\u00e4hrig-im-Winterfell-Dez.-2015-ZGM-Viernau-Th\u00fcringen-150x150.jpg","width":150,"height":150,"mime_type":"image\/jpeg","source_url":"https:\/\/www.nolana-schafe.de\/de-pages\/wp-content\/uploads\/Zuchtbock-3j\u00e4hrig-im-Winterfell-Dez.-2015-ZGM-Viernau-Th\u00fcringen-150x150.jpg"},"medium":{"file":"Zuchtbock-3j\u00e4hrig-im-Winterfell-Dez.-2015-ZGM-Viernau-Th\u00fcringen-300x229.jpg","width":300,"height":229,"mime_type":"image\/jpeg","source_url":"https:\/\/www.nolana-schafe.de\/de-pages\/wp-content\/uploads\/Zuchtbock-3j\u00e4hrig-im-Winterfell-Dez.-2015-ZGM-Viernau-Th\u00fcringen-300x229.jpg"},"full":{"file":"Zuchtbock-3j\u00e4hrig-im-Winterfell-Dez.-2015-ZGM-Viernau-Th\u00fcringen.jpg","width":679,"height":518,"mime_type":"image\/jpeg","source_url":"https:\/\/www.nolana-schafe.de\/de-pages\/wp-content\/uploads\/Zuchtbock-3j\u00e4hrig-im-Winterfell-Dez.-2015-ZGM-Viernau-Th\u00fcringen.jpg"}},"image_meta":{"aperture":"6.5","credit":"","camera":"VG170","caption":"OLYMPUS DIGITAL CAMERA","created_timestamp":"1364055666","copyright":"","focal_length":"23.5","iso":"200","shutter_speed":"0.008","title":"OLYMPUS DIGITAL CAMERA","orientation":"1","keywords":[]}},"post":524,"source_url":"https:\/\/www.nolana-schafe.de\/de-pages\/wp-content\/uploads\/Zuchtbock-3j\u00e4hrig-im-Winterfell-Dez.-2015-ZGM-Viernau-Th\u00fcringen.jpg","_links":{"self":[{"href":"https:\/\/www.nolana-schafe.de\/de-pages\/wp-json\/wp\/v2\/media\/1295","targetHints":{"allow":["GET"]}}],"collection":[{"href":"https:\/\/www.nolana-schafe.de\/de-pages\/wp-json\/wp\/v2\/media"}],"about":[{"href":"https:\/\/www.nolana-schafe.de\/de-pages\/wp-json\/wp\/v2\/types\/attachment"}],"author":[{"embeddable":true,"href":"https:\/\/www.nolana-schafe.de\/de-pages\/wp-json\/wp\/v2\/users\/3"}],"replies":[{"embeddable":true,"href":"https:\/\/www.nolana-schafe.de\/de-pages\/wp-json\/wp\/v2\/comments?post=1295"}],"wp:attached-to":[{"embeddable":true,"post_type":"dt_gallery","id":524,"href":"https:\/\/www.nolana-schafe.de\/de-pages\/wp-json\/wp\/v2\/dt_gallery\/524"}],"curies":[{"name":"wp","href":"https:\/\/api.w.org\/{rel}","templated":true}]}}

http://www.nolana-schafe.de/de-pages/wp-content/uploads/Zuchtbock-3jährig-im-Winterfell-Dez.-2015-ZGM-Viernau-Thüringen.jpg

BBB-Bock im Winterfell, Dez. 2015, ZGM Viernau, Thüringen

<p class="attachment"><a href='https://www.nolana-schafe.de/de-pages/wp-content/uploads/Zuchtbock-3jährig-im-Winterfell-Dez.-2015-ZGM-Viernau-Thüringen.jpg'><img loading="lazy" decoding="async" width="300" height="229" src="https://www.nolana-schafe.de/de-pages/wp-content/uploads/Zuchtbock-3jährig-im-Winterfell-Dez.-2015-ZGM-Viernau-Thüringen-300x229.jpg" class="attachment-medium size-medium" alt="" srcset="https://www.nolana-schafe.de/de-pages/wp-content/uploads/Zuchtbock-3jährig-im-Winterfell-Dez.-2015-ZGM-Viernau-Thüringen-300x229.jpg 300w, https://www.nolana-schafe.de/de-pages/wp-content/uploads/Zuchtbock-3jährig-im-Winterfell-Dez.-2015-ZGM-Viernau-Thüringen.jpg 679w" sizes="auto, (max-width: 300px) 100vw, 300px" /></a></p>

<p>BBB-Bock im Winterfell, Dez. 2015, ZGM Viernau, Thüringen</p>

Zuchtbock-3jährig-im-Winterfell-Dez.-2015-ZGM-Viernau-Thüringen.jpg

Zuchtbock-3jährig-im-Winterfell-Dez.-2015-ZGM-Viernau-Thüringen-150x150.jpg

https://www.nolana-schafe.de/de-pages/wp-content/uploads/Zuchtbock-3jährig-im-Winterfell-Dez.-2015-ZGM-Viernau-Thüringen-150x150.jpg

Zuchtbock-3jährig-im-Winterfell-Dez.-2015-ZGM-Viernau-Thüringen-300x229.jpg

https://www.nolana-schafe.de/de-pages/wp-content/uploads/Zuchtbock-3jährig-im-Winterfell-Dez.-2015-ZGM-Viernau-Thüringen-300x229.jpg

https://www.nolana-schafe.de/de-pages/wp-content/uploads/Zuchtbock-3jährig-im-Winterfell-Dez.-2015-ZGM-Viernau-Thüringen.jpg
