{"id":142,"date":"2015-03-25T13:37:22","date_gmt":"2015-03-25T13:37:22","guid":{"rendered":"http:\/\/www.nolana-schafe.de\/de-pages\/?page_id=142"},"modified":"2022-12-10T09:58:09","modified_gmt":"2022-12-10T09:58:09","slug":"publikationen-pressemappe","status":"publish","type":"page","link":"https:\/\/www.nolana-schafe.de\/de-pages\/der-verein\/publikationen-pressemappe\/","title":{"rendered":"Publikationen, Pressemappe"},"content":{"rendered":"<div class=\"wpb-content-wrapper\"><p>[vc_row][vc_column][vc_column_text]<\/p>\n<h2>Das Nolana-Projekt<\/h2>\n<h3>Zucht und Haltung von Haarschafen in Deutschland<\/h3>\n<p><strong>Dr. Rolf Minhorst<\/strong><\/p>\n<p style=\"text-align: justify;\">Die Schafhaltung in der Bundesrepublik Deutschland leidet unter sehr niedrigen und stark schwankenden Rohwollerl\u00f6sen von 0,20 bis 0,80 \u20ac\/kg. Wolle kann bereits seit Jahren in unserem Lande kaum noch kostendeckend (Kosten der Wollerzeugung: Schur, Wollpflege, Vermarktung, etc.), geschweige denn gewinnbringend produziert werden. Die Textilindustrie wird von einem rasant verlaufenden Strukturwandel gebeutelt und deckt ihren Bedarf an Wolle heutzutage durch Importe aus \u00dcbersee und zwar zu Preisen, die f\u00fcr deutsche Schafhalter konkurrenzlos niedrig sind. Arbeitsg\u00e4nge wie das Waschen, Aufbereiten und Verarbeiten der Wolle finden kaum noch im Inland statt.<\/p>\n<p style=\"text-align: justify;\">Aus diesem Grunde schlug Dr. Rolf Minhorst im Jahre 1997 vor, Haarschafe auf breiter Basis zu z\u00fcchten. Haarschafe sind Schafe mit einer Kurzhaardecke, die nicht geschoren werden m\u00fcssen. Die Projektidee wurde erstmalig als \u201eNolana-Projekt\u201c in der Fachpresse der Fach\u00f6ffentlichkeit vorgestellt. Die seither im Nolana-Projekt zusammen geschlossenen Z\u00fcchter und landwirtschaftlichen Versuchseinrichtungen sind dabei, eine neue synthetische Fleischschafrasse im Haarschaftyp zu z\u00fcchten. Diese \u201eNolana\u201c-Schafe haben eine Kurzhaardecke (wie eine Ziege), produzieren kein Wollvlies und m\u00fcssen daher nicht geschoren werden. Die bei der Wollproduktion entstehenden Kosten entfallen also und belasten die Schafhaltung nicht mehr zus\u00e4tzlich.<\/p>\n<h3>Projektziele<\/h3>\n<p>Angesichts des Preisverfalls von Rohwolle soll der Schafzucht mit der Bereitstellung einer leistungsf\u00e4higen Haarschafrasse (Nolana-Schafe) eine neue Perspektive geboten werden.<\/p>\n<ul>\n<li>Umz\u00fcchtung von Wollschafherden durch R\u00fcckkreuzung auf Haarschaf mit B\u00f6cken der Rassen Wiltshire Horn, Dorper und Barbados<\/li>\n<li>Bereitstellung von Haarschafen f\u00fcr die Fleischerzeugung und die Landschaftspflege<\/li>\n<li>Beratung der interessierten Schafz\u00fcchter-\u00d6ffentlichkeit im Hinblick auf die Umz\u00fcchtung vorhandener Herden<\/li>\n<li>Beitrag zur Weiterentwicklung der Wirtschaftlichkeit der deutschen Schafzucht<\/li>\n<li>Erhalt und F\u00f6rderung des Einsatzes von Schafen in Landschaftspflege und Naturschutz<\/li>\n<li>Unterst\u00fctzung einer Landschaftsentwicklung, die aus \u00f6konomischen Gr\u00fcnden auf tiergebundene Landschaftspflege zur\u00fcckgreift<\/li>\n<\/ul>\n<p>Publikationen und weitere aktuelle Berichte findet ihr mit Klick auf \u2192\u00a0<a href=\"https:\/\/www.nolana-schafe.de\/de-pages\/aktuelle-beitraege\/\">Aktuelle Beitr\u00e4ge<\/a>[\/vc_column_text][\/vc_column][\/vc_row]<\/p>\n<\/div>","protected":false},"excerpt":{"rendered":"<p>[vc_row][vc_column][vc_column_text] Das Nolana-Projekt Zucht und Haltung von Haarschafen in Deutschland Dr. Rolf Minhorst Die Schafhaltung in der Bundesrepublik Deutschland leidet unter sehr niedrigen und stark schwankenden Rohwollerl\u00f6sen von 0,20 bis 0,80 \u20ac\/kg. Wolle kann bereits seit Jahren in unserem Lande kaum noch kostendeckend (Kosten der Wollerzeugung: Schur, Wollpflege, Vermarktung, etc.), geschweige denn gewinnbringend produziert werden.&hellip;<\/p>\n","protected":false},"author":1,"featured_media":0,"parent":11,"menu_order":0,"comment_status":"closed","ping_status":"closed","template":"","meta":{"footnotes":""},"class_list":["post-142","page","type-page","status-publish","hentry","description-off"],"_links":{"self":[{"href":"https:\/\/www.nolana-schafe.de\/de-pages\/wp-json\/wp\/v2\/pages\/142","targetHints":{"allow":["GET"]}}],"collection":[{"href":"https:\/\/www.nolana-schafe.de\/de-pages\/wp-json\/wp\/v2\/pages"}],"about":[{"href":"https:\/\/www.nolana-schafe.de\/de-pages\/wp-json\/wp\/v2\/types\/page"}],"author":[{"embeddable":true,"href":"https:\/\/www.nolana-schafe.de\/de-pages\/wp-json\/wp\/v2\/users\/1"}],"replies":[{"embeddable":true,"href":"https:\/\/www.nolana-schafe.de\/de-pages\/wp-json\/wp\/v2\/comments?post=142"}],"version-history":[{"count":16,"href":"https:\/\/www.nolana-schafe.de\/de-pages\/wp-json\/wp\/v2\/pages\/142\/revisions"}],"predecessor-version":[{"id":2009,"href":"https:\/\/www.nolana-schafe.de\/de-pages\/wp-json\/wp\/v2\/pages\/142\/revisions\/2009"}],"up":[{"embeddable":true,"href":"https:\/\/www.nolana-schafe.de\/de-pages\/wp-json\/wp\/v2\/pages\/11"}],"wp:attachment":[{"href":"https:\/\/www.nolana-schafe.de\/de-pages\/wp-json\/wp\/v2\/media?parent=142"}],"curies":[{"name":"wp","href":"https:\/\/api.w.org\/{rel}","templated":true}]}}