{"id":2115,"date":"2023-11-29T20:51:12","date_gmt":"2023-11-29T20:51:12","guid":{"rendered":"https:\/\/www.nolana-schafe.de\/de-pages\/?page_id=2115"},"modified":"2023-11-30T07:33:06","modified_gmt":"2023-11-30T07:33:06","slug":"1-auflage-des-buchs-das-nolana-projekt-autor-dr-rolf-minhorst","status":"publish","type":"page","link":"https:\/\/www.nolana-schafe.de\/de-pages\/1-auflage-des-buchs-das-nolana-projekt-autor-dr-rolf-minhorst\/","title":{"rendered":"1. Auflage des Buchs \u201eDas Nolana-Projekt\u201c, Autor Dr. Rolf Minhorst"},"content":{"rendered":"<div id=\"attachment_2114\" style=\"width: 220px\" class=\"wp-caption alignnone\"><img loading=\"lazy\" decoding=\"async\" aria-describedby=\"caption-attachment-2114\" class=\"size-medium wp-image-2114\" src=\"https:\/\/www.nolana-schafe.de\/de-pages\/wp-content\/uploads\/NolanaCover-210x300.jpeg\" alt=\"\" width=\"210\" height=\"300\" srcset=\"https:\/\/www.nolana-schafe.de\/de-pages\/wp-content\/uploads\/NolanaCover-210x300.jpeg 210w, https:\/\/www.nolana-schafe.de\/de-pages\/wp-content\/uploads\/NolanaCover-718x1024.jpeg 718w, https:\/\/www.nolana-schafe.de\/de-pages\/wp-content\/uploads\/NolanaCover-768x1095.jpeg 768w, https:\/\/www.nolana-schafe.de\/de-pages\/wp-content\/uploads\/NolanaCover.jpeg 898w\" sizes=\"auto, (max-width: 210px) 100vw, 210px\" \/><p id=\"caption-attachment-2114\" class=\"wp-caption-text\">Das Nolana-Projekt<\/p><\/div>\n<p>Unser ehemaliger und langj\u00e4hriger Vereinsvorsitzende und jetziger Ehrenvorsitzende Dr. Rolf Minhorst hat sein Herzensprojekt final realisiert und die Erstauflage seines Buches \u201eDas Nolana-Projekt\u201c ist nun fertiggestellt und gedruckt.<\/p>\n<p>In diesem 120-seitigen Fachbuch berichtet Dr. Rolf Minhorst \u00fcber die Entwicklung des Nolana-Projekts von einer ersten Ver\u00f6ffentlichung dieser Idee in der \u201eDeutschen Schafzucht, Ausgabe 23\/1997\u201c bis hin zur Rasseanerkennung des &#8222;NOLANA&#8220; und des &#8222;BRAUNES HAARSCHAFS\u201c im Jahre 2018 und zur erfolgreichen Bundesschafschau im Oktober 2022 \u00fcber insgesamt 25 Jahre z\u00fcchterische Arbeit zur Entstehung dieser zwei neuen Rassen.<\/p>\n<p>Daneben sind verschiedene Fachbeitr\u00e4ge z. B. \u00fcber die Geschichte der Domestizierung der urspr\u00fcnglichen Haarschafe zu Wollschafen, das Verh\u00e4ltnis der Sekund\u00e4rfollikel zu den Prim\u00e4rfollikeln, \u00fcber die Wirtschaftlichkeit von Haarschafen und vieles mehr verfasst.<\/p>\n<p>Bei Interesse kann das Buch \u00fcber unseren Verein \u201eNolana Netzwerk Deutschland e. V.\u201c gegen eine Schutzgeb\u00fchr von 12 \u20ac (Selbstkostenpreis inkl. Portokosten) unter der E-Mail-Adresse: <a href=\"mailto:kontakt@nolana-schafe.de\">kontakt@nolana-schafe.de<\/a> bestellt werden.<\/p>\n<p><strong>Bitte daran denken, die vollst\u00e4ndige Anschrift zwecks Versand mit anzugeben!<\/strong><\/p>\n<p>F\u00fcr evtl. R\u00fcckfragen w\u00e4re es zudem sch\u00f6n, wenn ihr auch eure Telefonnummer angebt.<\/p>\n<p>Ist evtl. auch eine nette, kleine Geschenkidee zum Weihnachtsfest.<\/p>\n<p>&nbsp;<\/p>\n<p>(Die Bestellungen werden in der Reihenfolge des Eingangs abgearbeitet, nur solange der Vorrat reicht)<\/p>\n<p>&nbsp;<\/p>\n","protected":false},"excerpt":{"rendered":"<p>Unser ehemaliger und langj\u00e4hriger Vereinsvorsitzende und jetziger Ehrenvorsitzende Dr. Rolf Minhorst hat sein Herzensprojekt final realisiert und die Erstauflage seines Buches \u201eDas Nolana-Projekt\u201c ist nun fertiggestellt und gedruckt. In diesem 120-seitigen Fachbuch berichtet Dr. Rolf Minhorst \u00fcber die Entwicklung des Nolana-Projekts von einer ersten Ver\u00f6ffentlichung dieser Idee in der \u201eDeutschen Schafzucht, Ausgabe 23\/1997\u201c bis hin&hellip;<\/p>\n","protected":false},"author":3,"featured_media":2114,"parent":0,"menu_order":0,"comment_status":"closed","ping_status":"closed","template":"","meta":{"footnotes":""},"class_list":["post-2115","page","type-page","status-publish","has-post-thumbnail","hentry","description-off"],"_links":{"self":[{"href":"https:\/\/www.nolana-schafe.de\/de-pages\/wp-json\/wp\/v2\/pages\/2115","targetHints":{"allow":["GET"]}}],"collection":[{"href":"https:\/\/www.nolana-schafe.de\/de-pages\/wp-json\/wp\/v2\/pages"}],"about":[{"href":"https:\/\/www.nolana-schafe.de\/de-pages\/wp-json\/wp\/v2\/types\/page"}],"author":[{"embeddable":true,"href":"https:\/\/www.nolana-schafe.de\/de-pages\/wp-json\/wp\/v2\/users\/3"}],"replies":[{"embeddable":true,"href":"https:\/\/www.nolana-schafe.de\/de-pages\/wp-json\/wp\/v2\/comments?post=2115"}],"version-history":[{"count":6,"href":"https:\/\/www.nolana-schafe.de\/de-pages\/wp-json\/wp\/v2\/pages\/2115\/revisions"}],"predecessor-version":[{"id":2133,"href":"https:\/\/www.nolana-schafe.de\/de-pages\/wp-json\/wp\/v2\/pages\/2115\/revisions\/2133"}],"wp:featuredmedia":[{"embeddable":true,"href":"https:\/\/www.nolana-schafe.de\/de-pages\/wp-json\/wp\/v2\/media\/2114"}],"wp:attachment":[{"href":"https:\/\/www.nolana-schafe.de\/de-pages\/wp-json\/wp\/v2\/media?parent=2115"}],"curies":[{"name":"wp","href":"https:\/\/api.w.org\/{rel}","templated":true}]}}