{"id":250,"date":"2015-06-13T11:36:33","date_gmt":"2015-06-13T11:36:33","guid":{"rendered":"http:\/\/www.nolana-schafe.de\/de-pages\/?page_id=250"},"modified":"2018-12-06T21:26:00","modified_gmt":"2018-12-06T21:26:00","slug":"zuchtziel-landschaf","status":"publish","type":"page","link":"https:\/\/www.nolana-schafe.de\/de-pages\/nolana-landschaf\/zuchtziel-landschaf\/","title":{"rendered":"Zuchtziel (Braunes Haarschaf)"},"content":{"rendered":"<div class=\"wpb-content-wrapper\"><p>[vc_row][vc_column][vc_column_text]<\/p>\n<h2>Zuchtziel f\u00fcr das Braune Haarschaf<\/h2>\n<p style=\"text-align: justify;\"><a class=\"dt-single-image\" href=\"http:\/\/www.nolana-schafe.de\/de-pages\/wp-content\/uploads\/Nolana-Landschaf.jpg\" data-dt-img-description=\"\"><img loading=\"lazy\" decoding=\"async\" class=\"alignleft size-thumbnail wp-image-287\" src=\"http:\/\/www.nolana-schafe.de\/de-pages\/wp-content\/uploads\/Nolana-Landschaf-150x150.jpg\" alt=\"Nolana-Landschaf\" width=\"150\" height=\"150\" \/><\/a><\/p>\n<h4>Z\u00fcchtung eines mittelgro\u00dfen, braunen, hornlosen Haarschafes, welches im Fr\u00fchjahr den nat\u00fcrlichen Fellwechsel durchf\u00fchrt. Langer, gerader R\u00fccken bei ausreichender Rumpfbreite und \u2013tiefe. Kopf mit\u00a0gerader Profillinie, der Hals ist mittellang und kr\u00e4ftig, aber nicht gedrungen.<br \/>\nDas <strong>Braune Haarschaf<\/strong> wird bereits mit einem dichten Haarkleid geboren, es tr\u00e4gt im Sommer ein Kurzhaarkleid, die sich im Herbst bildende Unterwolle soll von Grannenhaaren bedeckt sein.<br \/>\nDas Fundament weist eine korrekte Stellung auf und soll trocken und ausreichend stark sein, um eine gute Marschf\u00e4higkeit zu gew\u00e4hrleisten. Der Schwanz ist kurz bis mittellang und sollte maximal bis zum Sprunggelenk reichen.<\/h4>\n<h4>Folgende Eigenschaften werden zwar toleriert, sind aber unerw\u00fcnscht und f\u00fchren zu einer Abwertung in der Note der \u201e\u00c4u\u00dferen Erscheinung\u201c:<\/h4>\n<h4>\uf0b7 Leichte Abweichungen von der Grundfarbe Braun wie z.B. ein kleiner wei\u00dfer Stirn- oder Kopffleck und auch eine wei\u00dfe Schwanzspitze<br \/>\n\uf0b7 Hornansatz<br \/>\n\uf0b7 Zu langer Schwanz<br \/>\n\uf0b7 Pigmentflecken<br \/>\nH\u00f6rner sind zuchtausschlie\u00dfend.<\/h4>\n<h4><\/h4>\n<h4><strong>K\u00f6rpergewichte von Nolana-Landschafen:<\/strong><\/h4>\n<p>[\/vc_column_text]<div class=\"ult-spacer spacer-69f27260ece2f\" data-id=\"69f27260ece2f\" data-height=\"15\" data-height-mobile=\"15\" data-height-tab=\"15\" data-height-tab-portrait=\"\" data-height-mobile-landscape=\"\" style=\"clear:both;display:block;\"><\/div>[\/vc_column][\/vc_row][vc_row][vc_column width=&#8220;1\/2&#8243;][vc_column_text]Altb\u00f6cke:<br \/>\nJ\u00e4hrlingsb\u00f6cke:<br \/>\nLammb\u00f6cke (6 Monate):<br \/>\nMutterschafe:<br \/>\nZuchtl\u00e4mmer (8 Monate):[\/vc_column_text][\/vc_column][vc_column width=&#8220;1\/2&#8243;][vc_column_text]85 \u2013 110 kg<br \/>\n60 \u2013 80 kg<br \/>\n45 \u2013 65 kg<br \/>\n60 \u2013 80 kg<br \/>\n40 \u2013 55 kg[\/vc_column_text][\/vc_column][\/vc_row]<\/p>\n<\/div>","protected":false},"excerpt":{"rendered":"<p>[vc_row][vc_column][vc_column_text] Zuchtziel f\u00fcr das Braune Haarschaf Z\u00fcchtung eines mittelgro\u00dfen, braunen, hornlosen Haarschafes, welches im Fr\u00fchjahr den nat\u00fcrlichen Fellwechsel durchf\u00fchrt. Langer, gerader R\u00fccken bei ausreichender Rumpfbreite und \u2013tiefe. Kopf mit\u00a0gerader Profillinie, der Hals ist mittellang und kr\u00e4ftig, aber nicht gedrungen. Das Braune Haarschaf wird bereits mit einem dichten Haarkleid geboren, es tr\u00e4gt im Sommer ein Kurzhaarkleid,&hellip;<\/p>\n","protected":false},"author":1,"featured_media":0,"parent":13,"menu_order":0,"comment_status":"closed","ping_status":"closed","template":"","meta":{"footnotes":""},"class_list":["post-250","page","type-page","status-publish","hentry","description-off"],"_links":{"self":[{"href":"https:\/\/www.nolana-schafe.de\/de-pages\/wp-json\/wp\/v2\/pages\/250","targetHints":{"allow":["GET"]}}],"collection":[{"href":"https:\/\/www.nolana-schafe.de\/de-pages\/wp-json\/wp\/v2\/pages"}],"about":[{"href":"https:\/\/www.nolana-schafe.de\/de-pages\/wp-json\/wp\/v2\/types\/page"}],"author":[{"embeddable":true,"href":"https:\/\/www.nolana-schafe.de\/de-pages\/wp-json\/wp\/v2\/users\/1"}],"replies":[{"embeddable":true,"href":"https:\/\/www.nolana-schafe.de\/de-pages\/wp-json\/wp\/v2\/comments?post=250"}],"version-history":[{"count":26,"href":"https:\/\/www.nolana-schafe.de\/de-pages\/wp-json\/wp\/v2\/pages\/250\/revisions"}],"predecessor-version":[{"id":1620,"href":"https:\/\/www.nolana-schafe.de\/de-pages\/wp-json\/wp\/v2\/pages\/250\/revisions\/1620"}],"up":[{"embeddable":true,"href":"https:\/\/www.nolana-schafe.de\/de-pages\/wp-json\/wp\/v2\/pages\/13"}],"wp:attachment":[{"href":"https:\/\/www.nolana-schafe.de\/de-pages\/wp-json\/wp\/v2\/media?parent=250"}],"curies":[{"name":"wp","href":"https:\/\/api.w.org\/{rel}","templated":true}]}}

<div class="wpb-content-wrapper"><p>[vc_row][vc_column][vc_column_text]</p>
<h2>Zuchtziel für das Braune Haarschaf</h2>
<p style="text-align: justify;"><a class="dt-single-image" href="http://www.nolana-schafe.de/de-pages/wp-content/uploads/Nolana-Landschaf.jpg" data-dt-img-description=""><img loading="lazy" decoding="async" class="alignleft size-thumbnail wp-image-287" src="http://www.nolana-schafe.de/de-pages/wp-content/uploads/Nolana-Landschaf-150x150.jpg" alt="Nolana-Landschaf" width="150" height="150" /></a></p>
<h4>Züchtung eines mittelgroßen, braunen, hornlosen Haarschafes, welches im Frühjahr den natürlichen Fellwechsel durchführt. Langer, gerader Rücken bei ausreichender Rumpfbreite und –tiefe. Kopf mit gerader Profillinie, der Hals ist mittellang und kräftig, aber nicht gedrungen.<br />
Das <strong>Braune Haarschaf</strong> wird bereits mit einem dichten Haarkleid geboren, es trägt im Sommer ein Kurzhaarkleid, die sich im Herbst bildende Unterwolle soll von Grannenhaaren bedeckt sein.<br />
Das Fundament weist eine korrekte Stellung auf und soll trocken und ausreichend stark sein, um eine gute Marschfähigkeit zu gewährleisten. Der Schwanz ist kurz bis mittellang und sollte maximal bis zum Sprunggelenk reichen.</h4>
<h4>Folgende Eigenschaften werden zwar toleriert, sind aber unerwünscht und führen zu einer Abwertung in der Note der „Äußeren Erscheinung“:</h4>
<h4> Leichte Abweichungen von der Grundfarbe Braun wie z.B. ein kleiner weißer Stirn- oder Kopffleck und auch eine weiße Schwanzspitze<br />
 Hornansatz<br />
 Zu langer Schwanz<br />
 Pigmentflecken<br />
Hörner sind zuchtausschließend.</h4>
<h4></h4>
<h4><strong>Körpergewichte von Nolana-Landschafen:</strong></h4>
<p>[/vc_column_text]<div class="ult-spacer spacer-69f27260ece2f" data-id="69f27260ece2f" data-height="15" data-height-mobile="15" data-height-tab="15" data-height-tab-portrait="" data-height-mobile-landscape="" style="clear:both;display:block;"></div>[/vc_column][/vc_row][vc_row][vc_column width=&#8220;1/2&#8243;][vc_column_text]Altböcke:<br />
Jährlingsböcke:<br />
Lammböcke (6 Monate):<br />
Mutterschafe:<br />
Zuchtlämmer (8 Monate):[/vc_column_text][/vc_column][vc_column width=&#8220;1/2&#8243;][vc_column_text]85 – 110 kg<br />
60 – 80 kg<br />
45 – 65 kg<br />
60 – 80 kg<br />
40 – 55 kg[/vc_column_text][/vc_column][/vc_row]</p>
</div>

<p>[vc_row][vc_column][vc_column_text] Zuchtziel für das Braune Haarschaf Züchtung eines mittelgroßen, braunen, hornlosen Haarschafes, welches im Frühjahr den natürlichen Fellwechsel durchführt. Langer, gerader Rücken bei ausreichender Rumpfbreite und –tiefe. Kopf mit gerader Profillinie, der Hals ist mittellang und kräftig, aber nicht gedrungen. Das Braune Haarschaf wird bereits mit einem dichten Haarkleid geboren, es trägt im Sommer ein Kurzhaarkleid,&hellip;</p>
