{"id":61,"date":"2015-03-25T07:58:04","date_gmt":"2015-03-25T07:58:04","guid":{"rendered":"http:\/\/www.nolana-schafe.de\/de-pages\/?page_id=61"},"modified":"2025-11-09T13:45:20","modified_gmt":"2025-11-09T13:45:20","slug":"home","status":"publish","type":"page","link":"https:\/\/www.nolana-schafe.de\/de-pages\/","title":{"rendered":"Home"},"content":{"rendered":"<div class=\"wpb-content-wrapper\"><p>[vc_row][vc_column][vc_column_text]<\/p>\n<h1><strong>Herzlich Willkommen<\/strong><\/h1>\n<h3><strong> auf den Websiten des Nolana-Netzwerk Deutschland<\/strong><\/h3>\n<p style=\"text-align: justify;\">Braune Haarschafe und Nolana\u00b4s sind Schafe, die kein Wollvlies sondern eine Kurzhaardecke tragen.<br \/>\nSie m\u00fcssen daher nicht geschoren werden.<\/p>\n<p style=\"text-align: justify;\"><img loading=\"lazy\" decoding=\"async\" class=\"alignleft wp-image-99 size-full\" src=\"https:\/\/www.nolana-schafe.de\/de-pages\/wp-content\/uploads\/2015\/03\/Nolana-Aulaemmer-2005a.jpg\" alt=\"Nolana-Aulaemmer-2005a\" width=\"175\" height=\"118\" \/>In Deutschland, in Gro\u00df-Britannien, in \u00d6sterreich, in der Schweiz und in den Niederlanden widmen sich bereits Hunderte von Z\u00fcchtern erfolgreich der Zucht von Haarschafen im allgemeinen und von Nolana-, Dorper-, EasyCare-, Rui-, Kamerun- und Barbados Blackbelly-Schafen im besonderen. Die deutschen Schafzuchtverb\u00e4nde unterst\u00fctzen das Nolana-Projekt.<\/p>\n<p style=\"text-align: justify;\">Mit den auf diesen Seiten \u00f6ffentlich zur Verf\u00fcgung gestellten Informationen, will der Verein die Zucht von Nolana-Schafen, sowie Dorper- und Barbados-Blackbelly-Schafen f\u00f6rdern und \u00fcber die Zucht und Haltung von Haarschafen in Europa und in der Welt informieren.<\/p>\n<p>[\/vc_column_text][vc_row_inner css=&#8220;.vc_custom_1762695656105{margin-bottom: 15px !important;border-top-width: 1px !important;border-right-width: 1px !important;border-bottom-width: 1px !important;border-left-width: 1px !important;padding-top: 1px !important;padding-right: 10px !important;padding-bottom: 10px !important;padding-left: 10px !important;border-left-style: solid !important;border-right-style: solid !important;border-top-style: solid !important;border-bottom-style: solid !important;border-radius: 5px !important;border-color: #000000 !important;}&#8220;][vc_column_inner width=&#8220;1\/3&#8243;][vc_single_image image=&#8220;2330&#8243; img_size=&#8220;full&#8220; alignment=&#8220;center&#8220; css=&#8220;&#8220;][\/vc_column_inner][vc_column_inner width=&#8220;2\/3&#8243;][vc_column_text css=&#8220;.vc_custom_1762695866289{margin-bottom: 0px !important;}&#8220;]<\/p>\n<h3 style=\"text-align: center;\">Wirtschaftliche Schafrassen<br \/>\nmit Zukunft<\/h3>\n<p style=\"text-align: center;\"><strong>Unser aktueller Flyer:<\/strong><br \/>\n<a href=\"https:\/\/www.nolana-schafe.de\/de-pages\/wp-content\/uploads\/Flyer-neu-2025.pdf\"><strong><u>Anzeigen als PDF<\/u><\/strong><\/a><\/p>\n<p>[\/vc_column_text][\/vc_column_inner][\/vc_row_inner][vc_column_text]<\/p>\n<p style=\"text-align: justify;\">Der Nolana-Verbund war bereits vor der Vereinsgr\u00fcndung am 03. M\u00e4rz 2006 au\u00dferordentlich erfolgreich. Die Erfolgsfaktoren sind:<\/p>\n<ul>\n<li>Klare Definition der Ziele und des Vorgehens<\/li>\n<li>Hoher tierzucht-fachlicher Standard der beteiligten Z\u00fcchter<\/li>\n<li>Regelm\u00e4\u00dfige, pers\u00f6nliche Kontakte<\/li>\n<li>Parallelit\u00e4t der Interessen aller Beteiligten<\/li>\n<li>Offener Umgang mit Problemen<\/li>\n<li>Hohes, pers\u00f6nliches Engagement der Z\u00fcchter<\/li>\n<\/ul>\n<p style=\"text-align: justify;\">Dieses Informationsangebot richtet sich an diejenigen Schafhalter, die mit dem Absatz ihrer Wolle Schwierigkeiten haben und nicht mehr scheren wollen. Aber auch alle anderen an der Zucht und Haltung von Haarschafen Interessierten sind herzlich eingeladen, unsere Webseiten zu besuchen.<\/p>\n<p style=\"text-align: justify;\"><strong>Nationale und internationale Kooperationspartner<\/strong><\/p>\n<p style=\"text-align: justify;\">Wir kooperieren mit vielen Partnern im In- und Ausland, hier eine Auswahl:<strong><br \/>\n<\/strong><\/p>\n<p>[\/vc_column_text][\/vc_column][\/vc_row][vc_row][vc_column width=&#8220;1\/4&#8243;][vc_column_text css_animation=&#8220;fadeIn&#8220;][\/vc_column_text][\/vc_column][vc_column width=&#8220;1\/4&#8243;][vc_column_text css_animation=&#8220;fadeIn&#8220;]<a href=\"http:\/\/www.nolana-sauerland.de\"><img loading=\"lazy\" decoding=\"async\" class=\"wp-image-1399 size-medium aligncenter\" src=\"https:\/\/www.nolana-schafe.de\/de-pages\/wp-content\/uploads\/hpneu-300x181.jpg\" alt=\"\" width=\"300\" height=\"181\" srcset=\"https:\/\/www.nolana-schafe.de\/de-pages\/wp-content\/uploads\/hpneu-300x181.jpg 300w, https:\/\/www.nolana-schafe.de\/de-pages\/wp-content\/uploads\/hpneu-768x463.jpg 768w, https:\/\/www.nolana-schafe.de\/de-pages\/wp-content\/uploads\/hpneu-1024x618.jpg 1024w, https:\/\/www.nolana-schafe.de\/de-pages\/wp-content\/uploads\/hpneu.jpg 1099w\" sizes=\"auto, (max-width: 300px) 100vw, 300px\" \/><\/a><\/p>\n<p style=\"text-align: center;\">Braune Haarschafe aus dem Sauerland &#8211; Hans Gerbracht<\/p>\n<p>[\/vc_column_text][\/vc_column][vc_column width=&#8220;1\/4&#8243;][vc_column_text css_animation=&#8220;fadeIn&#8220;]<a href=\"http:\/\/www.nolanaschafe-peschke.de\/\"><img loading=\"lazy\" decoding=\"async\" class=\"aligncenter wp-image-1154 size-full\" src=\"https:\/\/www.nolana-schafe.de\/de-pages\/wp-content\/uploads\/03.jpg\" alt=\"\" width=\"132\" height=\"90\" \/><\/a><\/p>\n<p style=\"text-align: center;\">Nolanaschafe-Peschke<\/p>\n<p>[\/vc_column_text][\/vc_column][vc_column width=&#8220;1\/4&#8243;][vc_column_text css_animation=&#8220;fadeIn&#8220;]<a href=\"http:\/\/www.nolana-landschafe.de\"><img loading=\"lazy\" decoding=\"async\" class=\"alignnone wp-image-1459 size-medium\" src=\"https:\/\/www.nolana-schafe.de\/de-pages\/wp-content\/uploads\/Huesing-300x153.jpg\" alt=\"\" width=\"300\" height=\"153\" srcset=\"https:\/\/www.nolana-schafe.de\/de-pages\/wp-content\/uploads\/Huesing-300x153.jpg 300w, https:\/\/www.nolana-schafe.de\/de-pages\/wp-content\/uploads\/Huesing-768x391.jpg 768w, https:\/\/www.nolana-schafe.de\/de-pages\/wp-content\/uploads\/Huesing.jpg 996w\" sizes=\"auto, (max-width: 300px) 100vw, 300px\" \/><\/a><\/p>\n<p>Nolana\u00b4s von Hilmar H\u00fcsing[\/vc_column_text][\/vc_column][vc_column][\/vc_column][\/vc_row][vc_row][vc_column width=&#8220;1\/4&#8243;][vc_column_text css_animation=&#8220;fadeIn&#8220; css=&#8220;&#8220;]<img loading=\"lazy\" decoding=\"async\" class=\"aligncenter wp-image-1458 size-medium\" src=\"https:\/\/www.nolana-schafe.de\/de-pages\/wp-content\/uploads\/Grau-300x144.jpg\" alt=\"\" width=\"300\" height=\"144\" srcset=\"https:\/\/www.nolana-schafe.de\/de-pages\/wp-content\/uploads\/Grau-300x144.jpg 300w, https:\/\/www.nolana-schafe.de\/de-pages\/wp-content\/uploads\/Grau.jpg 727w\" sizes=\"auto, (max-width: 300px) 100vw, 300px\" \/><\/p>\n<p style=\"text-align: center;\"><a href=\"http:\/\/www.grau-nolana.de\/\">Nolana\u00b4s Kerstin Gr\u00f6ger<\/a><\/p>\n<p>[\/vc_column_text][\/vc_column][vc_column width=&#8220;1\/4&#8243;][vc_column_text css_animation=&#8220;fadeIn&#8220;][\/vc_column_text][\/vc_column][vc_column width=&#8220;1\/4&#8243;][vc_column_text css=&#8220;&#8220;][\/vc_column_text][\/vc_column][vc_column width=&#8220;1\/4&#8243;][vc_column_text css_animation=&#8220;fadeIn&#8220;][\/vc_column_text][\/vc_column][\/vc_row][vc_row][vc_column width=&#8220;1\/4&#8243;][vc_column_text css_animation=&#8220;fadeIn&#8220;]<a href=\"http:\/\/ruischaap.weebly.com\/\"><img loading=\"lazy\" decoding=\"async\" class=\"aligncenter wp-image-1157 size-full\" src=\"https:\/\/www.nolana-schafe.de\/de-pages\/wp-content\/uploads\/06.jpg\" alt=\"\" width=\"132\" height=\"71\" \/><\/a><\/p>\n<p style=\"text-align: center;\">Vereniging \u201aHet Ruischaap\u2018<\/p>\n<p>[\/vc_column_text][\/vc_column][vc_column width=&#8220;1\/4&#8243;][vc_column_text css_animation=&#8220;fadeIn&#8220;]<\/p>\n<p style=\"text-align: center;\"><a href=\"http:\/\/www.arge-barbadosblackbelly.de\/erhaltungsprojekt\"><img loading=\"lazy\" decoding=\"async\" class=\"alignnone size-medium wp-image-1819\" src=\"https:\/\/www.nolana-schafe.de\/de-pages\/wp-content\/uploads\/blackbelly_970x250-300x77.jpg\" alt=\"\" width=\"300\" height=\"77\" srcset=\"https:\/\/www.nolana-schafe.de\/de-pages\/wp-content\/uploads\/blackbelly_970x250-300x77.jpg 300w, https:\/\/www.nolana-schafe.de\/de-pages\/wp-content\/uploads\/blackbelly_970x250-1024x264.jpg 1024w, https:\/\/www.nolana-schafe.de\/de-pages\/wp-content\/uploads\/blackbelly_970x250-768x198.jpg 768w, https:\/\/www.nolana-schafe.de\/de-pages\/wp-content\/uploads\/blackbelly_970x250-1536x396.jpg 1536w, https:\/\/www.nolana-schafe.de\/de-pages\/wp-content\/uploads\/blackbelly_970x250.jpg 1940w\" sizes=\"auto, (max-width: 300px) 100vw, 300px\" \/><\/a><\/p>\n<p style=\"text-align: center;\"><a href=\"http:\/\/www.arge-barbadosblackbelly.de\/erhaltungsprojekt\">Erhaltungsprojekt BBB-Population<\/a><\/p>\n<p>[\/vc_column_text][\/vc_column][\/vc_row][vc_row][vc_column width=&#8220;1\/4&#8243;][vc_column_text css_animation=&#8220;fadeIn&#8220;]<a href=\"http:\/\/www.easycaresheep.com\/\"><img loading=\"lazy\" decoding=\"async\" class=\"aligncenter wp-image-1158 size-full\" src=\"https:\/\/www.nolana-schafe.de\/de-pages\/wp-content\/uploads\/07.jpg\" alt=\"\" width=\"132\" height=\"84\" \/><\/a><\/p>\n<p style=\"text-align: center;\">Easy Care Sheep Society<\/p>\n<p>[\/vc_column_text][\/vc_column][\/vc_row][vc_row][vc_column width=&#8220;1\/4&#8243;][vc_column_text css_animation=&#8220;fadeIn&#8220;]<a href=\"http:\/\/www.wiltshirehorn.org.uk\/\"><img loading=\"lazy\" decoding=\"async\" class=\"aligncenter wp-image-1160 size-full\" src=\"https:\/\/www.nolana-schafe.de\/de-pages\/wp-content\/uploads\/09.jpg\" alt=\"\" width=\"129\" height=\"100\" \/><\/a><\/p>\n<p style=\"text-align: center;\">Wiltshire Horn Sheep Society<\/p>\n<p>[\/vc_column_text][\/vc_column][vc_column width=&#8220;1\/4&#8243;][vc_column_text css_animation=&#8220;fadeIn&#8220;][\/vc_column_text][\/vc_column][vc_column width=&#8220;1\/4&#8243;][vc_column_text css_animation=&#8220;fadeIn&#8220;][\/vc_column_text][\/vc_column][\/vc_row][vc_row][vc_column width=&#8220;1\/4&#8243;][vc_column_text css_animation=&#8220;fadeIn&#8220;]<a href=\"http:\/\/www.nolana-schafe.ch\/\"><img loading=\"lazy\" decoding=\"async\" class=\"aligncenter wp-image-1165 size-full\" src=\"https:\/\/www.nolana-schafe.de\/de-pages\/wp-content\/uploads\/14.png\" alt=\"\" width=\"132\" height=\"70\" \/><\/a><\/p>\n<p style=\"text-align: center;\">Nolana Schafe Schweiz<\/p>\n<p>[\/vc_column_text][\/vc_column][vc_column width=&#8220;1\/4&#8243;][vc_column_text css_animation=&#8220;fadeIn&#8220;][\/vc_column_text][\/vc_column][\/vc_row][vc_row][vc_column width=&#8220;1\/4&#8243;][vc_column_text css_animation=&#8220;fadeIn&#8220;]<a href=\"http:\/\/katuma.ru\/\"><img loading=\"lazy\" decoding=\"async\" class=\"aligncenter wp-image-1168 size-full\" src=\"https:\/\/www.nolana-schafe.de\/de-pages\/wp-content\/uploads\/17.png\" alt=\"\" width=\"132\" height=\"63\" \/><\/a><\/p>\n<p style=\"text-align: center;\">Katuma Farm St. Petersburg<\/p>\n<p>[\/vc_column_text][\/vc_column][vc_column width=&#8220;1\/4&#8243;][vc_column_text css_animation=&#8220;fadeIn&#8220;]<a href=\"http:\/\/www.nolana-schweiz.ch\/\" target=\"_blank\" rel=\"noopener\"><img loading=\"lazy\" decoding=\"async\" class=\"alignnone size-medium wp-image-1225\" src=\"https:\/\/www.nolana-schafe.de\/de-pages\/wp-content\/uploads\/image-1-300x225.png\" alt=\"Nolana Verein Schweiz\" width=\"300\" height=\"225\" srcset=\"https:\/\/www.nolana-schafe.de\/de-pages\/wp-content\/uploads\/image-1-300x225.png 300w, https:\/\/www.nolana-schafe.de\/de-pages\/wp-content\/uploads\/image-1-768x576.png 768w, https:\/\/www.nolana-schafe.de\/de-pages\/wp-content\/uploads\/image-1-1024x768.png 1024w, https:\/\/www.nolana-schafe.de\/de-pages\/wp-content\/uploads\/image-1.png 2048w\" sizes=\"auto, (max-width: 300px) 100vw, 300px\" \/><\/a><\/p>\n<p><a href=\"http:\/\/www.nolana-schweiz.ch\" target=\"_blank\" rel=\"noopener\">Schafzuchtverein Nolana Schweiz<\/a>[\/vc_column_text][\/vc_column][vc_column width=&#8220;1\/4&#8243;][\/vc_column][\/vc_row][vc_row][vc_column width=&#8220;1\/4&#8243;][\/vc_column][vc_column width=&#8220;1\/4&#8243;][\/vc_column][vc_column width=&#8220;1\/4&#8243;][\/vc_column][vc_column width=&#8220;1\/4&#8243;][\/vc_column][\/vc_row][vc_row][vc_column][vc_column_text css_animation=&#8220;bounceInUp&#8220;]<\/p>\n<p style=\"text-align: center;\"><strong>Weitere Haarschafseiten finden Sie <span style=\"text-decoration: underline;\"><a href=\"https:\/\/www.nolana-schafe.de\/de-pages\/der-verein\/weitere-haarschafseiten\/\">an dieser Stelle<\/a><\/span>!<\/strong><\/p>\n<p>[\/vc_column_text][\/vc_column][\/vc_row][vc_row][vc_column][\/vc_column][\/vc_row]<\/p>\n<\/div>","protected":false},"excerpt":{"rendered":"<p>[vc_row][vc_column][vc_column_text] Herzlich Willkommen auf den Websiten des Nolana-Netzwerk Deutschland Braune Haarschafe und Nolana\u00b4s sind Schafe, die kein Wollvlies sondern eine Kurzhaardecke tragen. Sie m\u00fcssen daher nicht geschoren werden. In Deutschland, in Gro\u00df-Britannien, in \u00d6sterreich, in der Schweiz und in den Niederlanden widmen sich bereits Hunderte von Z\u00fcchtern erfolgreich der Zucht von Haarschafen im allgemeinen und&hellip;<\/p>\n","protected":false},"author":1,"featured_media":0,"parent":0,"menu_order":0,"comment_status":"closed","ping_status":"closed","template":"","meta":{"footnotes":""},"class_list":["post-61","page","type-page","status-publish","hentry","description-off"],"_links":{"self":[{"href":"https:\/\/www.nolana-schafe.de\/de-pages\/wp-json\/wp\/v2\/pages\/61","targetHints":{"allow":["GET"]}}],"collection":[{"href":"https:\/\/www.nolana-schafe.de\/de-pages\/wp-json\/wp\/v2\/pages"}],"about":[{"href":"https:\/\/www.nolana-schafe.de\/de-pages\/wp-json\/wp\/v2\/types\/page"}],"author":[{"embeddable":true,"href":"https:\/\/www.nolana-schafe.de\/de-pages\/wp-json\/wp\/v2\/users\/1"}],"replies":[{"embeddable":true,"href":"https:\/\/www.nolana-schafe.de\/de-pages\/wp-json\/wp\/v2\/comments?post=61"}],"version-history":[{"count":53,"href":"https:\/\/www.nolana-schafe.de\/de-pages\/wp-json\/wp\/v2\/pages\/61\/revisions"}],"predecessor-version":[{"id":2331,"href":"https:\/\/www.nolana-schafe.de\/de-pages\/wp-json\/wp\/v2\/pages\/61\/revisions\/2331"}],"wp:attachment":[{"href":"https:\/\/www.nolana-schafe.de\/de-pages\/wp-json\/wp\/v2\/media?parent=61"}],"curies":[{"name":"wp","href":"https:\/\/api.w.org\/{rel}","templated":true}]}}