{"id":618,"date":"2015-07-05T09:00:24","date_gmt":"2015-07-05T09:00:24","guid":{"rendered":"http:\/\/www.nolana-schafe.de\/de-pages\/?page_id=618"},"modified":"2015-10-24T17:44:12","modified_gmt":"2015-10-24T17:44:12","slug":"wiltipoll","status":"publish","type":"page","link":"https:\/\/www.nolana-schafe.de\/de-pages\/weitere-rassen\/wiltipoll\/","title":{"rendered":"Wiltipoll"},"content":{"rendered":"<div class=\"wpb-content-wrapper\"><p>[vc_row][vc_column][vc_column_text]<\/p>\n<h2 style=\"text-align: justify;\">Wiltipoll &#8211; Schafe in Australien<\/h2>\n<p style=\"text-align: justify;\"><img loading=\"lazy\" decoding=\"async\" class=\"wp-image-1175 size-full alignleft\" src=\"http:\/\/www.nolana-schafe.de\/de-pages\/wp-content\/uploads\/Wiltipoll_B\u00f6cke1.jpg\" alt=\"\" width=\"200\" height=\"149\" \/>Der Name leitet sich her von \u201epolled Wiltshire Horn\u201c, also \u201ehornlose Wiltshire Horn-Schafe\u201c. Wiltipoll-Schafe sind eine hornlose Variante der Wiltshire Horn-Rasse, die in Australien derzeit eine starke Nachfragesteigerung erf\u00e4hrt. Es ist interessant zu verfolgen, wie in Australien, dem Land der Produktion feiner Wolle, die wolllosen Wiltshire Horn- und Wiltipoll-Schafe ihre heutige Bedeutung erfahren haben. Die Entwicklung der Wiltipolls in Australien erfolgte in etwa zeitgleich mit dem Nolana-Projekt in Deutschland. Schwankende Wollpreise auf dem Weltmarkt und hohe Kosten f\u00fcr die Parasitenpr\u00e4vention waren der Grund daf\u00fcr, dass sich inzwischen auch in Australien immer mehr Z\u00fcchter f\u00fcr die Zucht von wolllosen Fleischschafen interessieren, die keine Schur ben\u00f6tigen. Die in Australien so gef\u00fcrchtete Fliegenmaden-Problematik (\u201eFlystrike\u201c) hat bei Kurzwoll- und Haarschafen keine Bedeutung, weil die Fliegen in der Kurzhaardecke keine M\u00f6glichkeit der Eiablage finden.<\/p>\n<p style=\"text-align: justify;\">Die ersten Wiltshire Horn-Importe aus England nach West-Australien gab es 1952. Dann kam der Woll-Boom und die Z\u00fcchter verloren das Interesse an dieser Rasse.<\/p>\n<p style=\"text-align: justify;\">In den Jahren 1969-1970 brachte der Schafz\u00fcchter Leo Harwood 2 B\u00f6cke und 15 Auen auf seinen Besitz nach Lillydale, Victoria, weil er vom Potential der WH \u00fcberzeugt war.<\/p>\n<p style=\"text-align: justify;\">1972 bauten G. &amp; M. Toll eine WH-Herde in Bunbower, Victoria, auf. Diese Herde existiert heute noch.<\/p>\n<p style=\"text-align: justify;\">1978 kauften N .&amp; P. Bonnin, D. &amp; D. Carven und R. Burston reinrassige WH-B\u00f6cke und F1-Kreuzungen Merino x WH und brachten sie nach Hindmarsh-Valley, um dort eine Herde von \u201elow care\u201c-Schafen aufzubauen. Diese Schafe sollten schnell-w\u00fcchsige, fleischige L\u00e4mmer produzieren.<\/p>\n<p style=\"text-align: justify;\">1995 dann kauften A. &amp; J. Hughes von der \u201eKars Station\u201c B\u00f6cke und Auen von den o.e. Z\u00fcchtern und entwickelten die Wiltipolls in Reinzucht weiter. Die Wiltipoll-Z\u00fcchtervereinigung wurde gegr\u00fcndet. Annie Hughes ist derzeitige Pr\u00e4sidentin.<\/p>\n<p style=\"text-align: justify;\">Die australische Z\u00fcchtervereinigung \u201eWiltipoll Association Inc\u201d gibt genaue Standards vor, die im R\u00fcckkreuzungsprozess beachtet werden m\u00fcssen.<\/p>\n<div align=\"justify\"><\/div>\n<div align=\"justify\"><\/div>\n<div align=\"justify\">\n<table border=\"1\" cellspacing=\"1\" cellpadding=\"1\">\n<tbody>\n<tr>\n<td valign=\"top\" width=\"113\">\n<div>Klassifizierung<\/div>\n<\/td>\n<td valign=\"top\" width=\"228\">\n<div>Kreuzungsstufe<\/div>\n<\/td>\n<td valign=\"top\" width=\"273\">\n<div>Ergebnis<\/div>\n<div><\/div>\n<\/td>\n<\/tr>\n<tr>\n<td valign=\"top\" width=\"113\">\n<div>Class E<\/div>\n<\/td>\n<td valign=\"top\" width=\"228\">\n<div>1. Schritt<\/div>\n<div>Reine Wiltshire Horn mit beliebiger hornloser Wollrasse<\/div>\n<\/td>\n<td valign=\"top\" width=\"273\">\n<div>50% Wiltshire Horn Genanteile<\/div>\n<\/td>\n<\/tr>\n<tr>\n<td valign=\"top\" width=\"113\">\n<div>Class D<\/div>\n<\/td>\n<td valign=\"top\" width=\"228\">\n<div>2. Schritt<\/div>\n<\/td>\n<td valign=\"top\" width=\"273\">\n<div>75% Wiltshire Horn Genanteile<\/div>\n<\/td>\n<\/tr>\n<tr>\n<td valign=\"top\" width=\"113\">\n<div>Class C<\/div>\n<\/td>\n<td valign=\"top\" width=\"228\">\n<div>3. Schritt<\/div>\n<\/td>\n<td valign=\"top\" width=\"273\">\n<div>87.5% Wiltshire Horn Genanteile<\/div>\n<\/td>\n<\/tr>\n<tr>\n<td valign=\"top\" width=\"113\">\n<div>Class B<\/div>\n<\/td>\n<td valign=\"top\" width=\"228\">\n<div>4. Schritt<\/div>\n<\/td>\n<td valign=\"top\" width=\"273\">\n<div>93.75% Wiltshire Horn Genanteile<\/div>\n<\/td>\n<\/tr>\n<tr>\n<td valign=\"top\" width=\"113\">\n<div>Class A 1<\/div>\n<\/td>\n<td valign=\"top\" width=\"228\">\n<div>5. Schritt<\/div>\n<div>Nachkommen werden inter-see verpaart.<\/div>\n<\/td>\n<td valign=\"top\" width=\"273\">\n<div>Die Kreuzungsergebnisse werden nur dann ins Register aufgenommen, wenn sie hornlos sind und einen zuverl\u00e4ssi-gen Winterfellwechsel aufweisen. Horn-stummel bis 12 mm werden akzeptiert.<\/div>\n<\/td>\n<\/tr>\n<\/tbody>\n<\/table>\n<\/div>\n<div align=\"justify\"><\/div>\n<div align=\"justify\"><\/div>\n<p style=\"text-align: justify;\">Die Nachkommen der Kreuzungsstufen werden solange mit einem reinrassigen Wiltshire Horn-Bock angepaart, bis die 5. Stufe erreicht wurde. Sodann werden Inter-Se-Verpaarungen duchgef\u00fchrt, wobei unter den Nachkommen streng auf Hornlosigkeit und Winterfellwechsel selektiert wird. Nachkommen der Stufe 5 werden bei Erf\u00fcllung der Kriterien als A1-Wiltipoll registriert.<\/p>\n<p style=\"text-align: justify;\">Die in Australien verfolgte Strategie f\u00fchrt zu hornlosen Fleischschafen, die einen zuverl\u00e4ssigen Winterfellwechsel aufweisen. Im Unterschied zum Nolana-Fleischschaf weisen die Wiltipoll aber einen viel h\u00f6heren Wiltshire Horn-Genanteil auf. Im Nolana-Projekt sind die Z\u00fcchter der Meinung, dass man durch einen geringeren Wiltshire Horn-Genanteil (75 bis max. 87,5%) die wirtschaftlichen wichtigen Eigenschaften der deutschen Zweinutzungsrasse, die als Muttergrundlage benutzt wurde, in gr\u00f6\u00dferem Ausma\u00df ber\u00fccksichtigt.<\/p>\n<p style=\"text-align: justify;\">Weitere Informationen unter http:\/\/www.wiltipoll.com .<\/p>\n<p>[\/vc_column_text]<div class=\"ult-spacer spacer-6a01cd948149d\" data-id=\"6a01cd948149d\" data-height=\"15\" data-height-mobile=\"15\" data-height-tab=\"15\" data-height-tab-portrait=\"\" data-height-mobile-landscape=\"\" style=\"clear:both;display:block;\"><\/div>[\/vc_column][\/vc_row][vc_row][vc_column]<div class=\"wf-container dt-gallery-container dt-photos-shortcode loading-effect-flip iso-container\" data-padding=\"20px\" data-cur-page=\"1\" data-width=\"150px\" data-columns=\"3\"><div class=\"wf-cell iso-item\" data-post-id=\"935\" data-date=\"2015-07-05T12:05:07+00:00\" data-name=\"Wiltipoll_ewenlambs\">\n<article class=\"post post-935 attachment type-attachment status-inherit hentry no-img description-off\">\n\n\t<figure class=\"rollover-project links-hovers-disabled\">\n\t<a href=\"https:\/\/www.nolana-schafe.de\/de-pages\/wp-content\/uploads\/Wiltipoll_ewenlambs.jpg\" class=\"rollover rollover-zoom dt-pswp-item layzr-bg\" title=\"Wiltipoll_ewenlambs\" data-dt-img-description=\"\"  data-large_image_width=\"350\" data-large_image_height = \"159\" ><img decoding=\"async\" class=\"preload-me iso-lazy-load aspect\" src=\"data:image\/svg+xml,%3Csvg%20xmlns%3D&#39;http%3A%2F%2Fwww.w3.org%2F2000%2Fsvg&#39;%20viewBox%3D&#39;0%200%20225%20102&#39;%2F%3E\" data-src=\"https:\/\/www.nolana-schafe.de\/de-pages\/wp-content\/uploads\/Wiltipoll_ewenlambs-225x102.jpg\" data-srcset=\"https:\/\/www.nolana-schafe.de\/de-pages\/wp-content\/uploads\/Wiltipoll_ewenlambs-225x102.jpg 225w, https:\/\/www.nolana-schafe.de\/de-pages\/wp-content\/uploads\/Wiltipoll_ewenlambs.jpg 350w\" loading=\"eager\" style=\"--ratio: 225 \/ 102\" sizes=\"(max-width: 225px) 100vw, 225px\" alt=\"\" width=\"225\" height=\"102\"  \/><\/a>\t<\/figure>\n<\/article>\n\n<\/div><div class=\"wf-cell iso-item\" data-post-id=\"936\" data-date=\"2015-07-05T12:05:08+00:00\" data-name=\"Wiltipoll_ram_auction\">\n<article class=\"post post-936 attachment type-attachment status-inherit hentry no-img description-off\">\n\n\t<figure class=\"rollover-project links-hovers-disabled\">\n\t<a href=\"https:\/\/www.nolana-schafe.de\/de-pages\/wp-content\/uploads\/Wiltipoll_ram_auction.jpg\" class=\"rollover rollover-zoom dt-pswp-item layzr-bg\" title=\"Wiltipoll_ram_auction\" data-dt-img-description=\"\"  data-large_image_width=\"500\" data-large_image_height = \"375\" ><img decoding=\"async\" class=\"preload-me iso-lazy-load aspect\" src=\"data:image\/svg+xml,%3Csvg%20xmlns%3D&#39;http%3A%2F%2Fwww.w3.org%2F2000%2Fsvg&#39;%20viewBox%3D&#39;0%200%20225%20169&#39;%2F%3E\" data-src=\"https:\/\/www.nolana-schafe.de\/de-pages\/wp-content\/uploads\/Wiltipoll_ram_auction-225x169.jpg\" data-srcset=\"https:\/\/www.nolana-schafe.de\/de-pages\/wp-content\/uploads\/Wiltipoll_ram_auction-225x169.jpg 225w, https:\/\/www.nolana-schafe.de\/de-pages\/wp-content\/uploads\/Wiltipoll_ram_auction-450x338.jpg 450w\" loading=\"eager\" style=\"--ratio: 225 \/ 169\" sizes=\"(max-width: 225px) 100vw, 225px\" alt=\"\" width=\"225\" height=\"169\"  \/><\/a>\t<\/figure>\n<\/article>\n\n<\/div><div class=\"wf-cell iso-item\" data-post-id=\"937\" data-date=\"2015-07-05T12:05:09+00:00\" data-name=\"Wiltipoll-Ram-Lineup\">\n<article class=\"post post-937 attachment type-attachment status-inherit hentry no-img description-off\">\n\n\t<figure class=\"rollover-project links-hovers-disabled\">\n\t<a href=\"https:\/\/www.nolana-schafe.de\/de-pages\/wp-content\/uploads\/Wiltipoll-Ram-Lineup.jpg\" class=\"rollover rollover-zoom dt-pswp-item layzr-bg\" title=\"Wiltipoll-Ram-Lineup\" data-dt-img-description=\"\"  data-large_image_width=\"327\" data-large_image_height = \"233\" ><img decoding=\"async\" class=\"preload-me iso-lazy-load aspect\" src=\"data:image\/svg+xml,%3Csvg%20xmlns%3D&#39;http%3A%2F%2Fwww.w3.org%2F2000%2Fsvg&#39;%20viewBox%3D&#39;0%200%20225%20160&#39;%2F%3E\" data-src=\"https:\/\/www.nolana-schafe.de\/de-pages\/wp-content\/uploads\/Wiltipoll-Ram-Lineup-225x160.jpg\" data-srcset=\"https:\/\/www.nolana-schafe.de\/de-pages\/wp-content\/uploads\/Wiltipoll-Ram-Lineup-225x160.jpg 225w, https:\/\/www.nolana-schafe.de\/de-pages\/wp-content\/uploads\/Wiltipoll-Ram-Lineup.jpg 327w\" loading=\"eager\" style=\"--ratio: 225 \/ 160\" sizes=\"(max-width: 225px) 100vw, 225px\" alt=\"\" width=\"225\" height=\"160\"  \/><\/a>\t<\/figure>\n<\/article>\n\n<\/div><div class=\"wf-cell iso-item\" data-post-id=\"938\" data-date=\"2015-07-05T12:05:09+00:00\" data-name=\"Aue im Haarwechsel\">\n<article class=\"post post-938 attachment type-attachment status-inherit hentry no-img description-off\">\n\n\t<figure class=\"rollover-project links-hovers-disabled\">\n\t<a href=\"https:\/\/www.nolana-schafe.de\/de-pages\/wp-content\/uploads\/AueimHaarwechsel.gif\" class=\"rollover rollover-zoom dt-pswp-item layzr-bg\" title=\"Aue im Haarwechsel\" data-dt-img-description=\"\"  data-large_image_width=\"320\" data-large_image_height = \"200\" ><img decoding=\"async\" class=\"preload-me iso-lazy-load aspect\" src=\"data:image\/svg+xml,%3Csvg%20xmlns%3D&#39;http%3A%2F%2Fwww.w3.org%2F2000%2Fsvg&#39;%20viewBox%3D&#39;0%200%20225%20141&#39;%2F%3E\" data-src=\"https:\/\/www.nolana-schafe.de\/de-pages\/wp-content\/uploads\/AueimHaarwechsel-225x141.gif\" data-srcset=\"https:\/\/www.nolana-schafe.de\/de-pages\/wp-content\/uploads\/AueimHaarwechsel-225x141.gif 225w, https:\/\/www.nolana-schafe.de\/de-pages\/wp-content\/uploads\/AueimHaarwechsel.gif 319w\" loading=\"eager\" style=\"--ratio: 225 \/ 141\" sizes=\"(max-width: 225px) 100vw, 225px\" alt=\"\" width=\"225\" height=\"141\"  \/><\/a>\t<\/figure>\n<\/article>\n\n<\/div><div class=\"wf-cell iso-item\" data-post-id=\"939\" data-date=\"2015-07-05T12:05:10+00:00\" data-name=\"Wiltipoll_Auen\">\n<article class=\"post post-939 attachment type-attachment status-inherit hentry no-img description-off\">\n\n\t<figure class=\"rollover-project links-hovers-disabled\">\n\t<a href=\"https:\/\/www.nolana-schafe.de\/de-pages\/wp-content\/uploads\/Wiltipoll_Auen.jpg\" class=\"rollover rollover-zoom dt-pswp-item layzr-bg\" title=\"Wiltipoll_Auen\" data-dt-img-description=\"\"  data-large_image_width=\"250\" data-large_image_height = \"188\" ><img decoding=\"async\" class=\"preload-me iso-lazy-load aspect\" src=\"data:image\/svg+xml,%3Csvg%20xmlns%3D&#39;http%3A%2F%2Fwww.w3.org%2F2000%2Fsvg&#39;%20viewBox%3D&#39;0%200%20225%20169&#39;%2F%3E\" data-src=\"https:\/\/www.nolana-schafe.de\/de-pages\/wp-content\/uploads\/Wiltipoll_Auen-225x169.jpg\" data-srcset=\"https:\/\/www.nolana-schafe.de\/de-pages\/wp-content\/uploads\/Wiltipoll_Auen-225x169.jpg 225w, https:\/\/www.nolana-schafe.de\/de-pages\/wp-content\/uploads\/Wiltipoll_Auen.jpg 250w\" loading=\"eager\" style=\"--ratio: 225 \/ 169\" sizes=\"(max-width: 225px) 100vw, 225px\" alt=\"\" width=\"225\" height=\"169\"  \/><\/a>\t<\/figure>\n<\/article>\n\n<\/div><\/div>[\/vc_column][\/vc_row]<\/p>\n<\/div>","protected":false},"excerpt":{"rendered":"<p>[vc_row][vc_column][vc_column_text] Wiltipoll &#8211; Schafe in Australien Der Name leitet sich her von \u201epolled Wiltshire Horn\u201c, also \u201ehornlose Wiltshire Horn-Schafe\u201c. Wiltipoll-Schafe sind eine hornlose Variante der Wiltshire Horn-Rasse, die in Australien derzeit eine starke Nachfragesteigerung erf\u00e4hrt. Es ist interessant zu verfolgen, wie in Australien, dem Land der Produktion feiner Wolle, die wolllosen Wiltshire Horn- und Wiltipoll-Schafe&hellip;<\/p>\n","protected":false},"author":1,"featured_media":0,"parent":19,"menu_order":0,"comment_status":"closed","ping_status":"closed","template":"","meta":{"footnotes":""},"class_list":["post-618","page","type-page","status-publish","hentry","description-off"],"_links":{"self":[{"href":"https:\/\/www.nolana-schafe.de\/de-pages\/wp-json\/wp\/v2\/pages\/618","targetHints":{"allow":["GET"]}}],"collection":[{"href":"https:\/\/www.nolana-schafe.de\/de-pages\/wp-json\/wp\/v2\/pages"}],"about":[{"href":"https:\/\/www.nolana-schafe.de\/de-pages\/wp-json\/wp\/v2\/types\/page"}],"author":[{"embeddable":true,"href":"https:\/\/www.nolana-schafe.de\/de-pages\/wp-json\/wp\/v2\/users\/1"}],"replies":[{"embeddable":true,"href":"https:\/\/www.nolana-schafe.de\/de-pages\/wp-json\/wp\/v2\/comments?post=618"}],"version-history":[{"count":11,"href":"https:\/\/www.nolana-schafe.de\/de-pages\/wp-json\/wp\/v2\/pages\/618\/revisions"}],"predecessor-version":[{"id":1177,"href":"https:\/\/www.nolana-schafe.de\/de-pages\/wp-json\/wp\/v2\/pages\/618\/revisions\/1177"}],"up":[{"embeddable":true,"href":"https:\/\/www.nolana-schafe.de\/de-pages\/wp-json\/wp\/v2\/pages\/19"}],"wp:attachment":[{"href":"https:\/\/www.nolana-schafe.de\/de-pages\/wp-json\/wp\/v2\/media?parent=618"}],"curies":[{"name":"wp","href":"https:\/\/api.w.org\/{rel}","templated":true}]}}