{"id":635,"date":"2015-07-05T09:13:53","date_gmt":"2015-07-05T09:13:53","guid":{"rendered":"http:\/\/www.nolana-schafe.de\/de-pages\/?page_id=635"},"modified":"2015-07-06T16:26:09","modified_gmt":"2015-07-06T16:26:09","slug":"morada-nova-schafe","status":"publish","type":"page","link":"https:\/\/www.nolana-schafe.de\/de-pages\/weitere-rassen\/morada-nova-schafe\/","title":{"rendered":"Morada Nova-Schafe"},"content":{"rendered":"<div class=\"wpb-content-wrapper\"><p>[vc_row][vc_column][vc_column_text]<\/p>\n<h2>Morada Nova-Schafe in Brasilien<\/h2>\n<p style=\"text-align: justify;\"><a class=\"dt-single-image\" href=\"http:\/\/www.nolana-schafe.de\/de-pages\/wp-content\/uploads\/Mora_05_Morada_Nova_Bock.jpg\" data-dt-img-description=\"\"><img loading=\"lazy\" decoding=\"async\" class=\"alignleft size-thumbnail wp-image-835\" src=\"http:\/\/www.nolana-schafe.de\/de-pages\/wp-content\/uploads\/Mora_05_Morada_Nova_Bock-150x150.jpg\" alt=\"Mora_05_Morada_Nova_Bock\" width=\"150\" height=\"150\" srcset=\"https:\/\/www.nolana-schafe.de\/de-pages\/wp-content\/uploads\/Mora_05_Morada_Nova_Bock-150x150.jpg 150w, https:\/\/www.nolana-schafe.de\/de-pages\/wp-content\/uploads\/Mora_05_Morada_Nova_Bock-300x300.jpg 300w, https:\/\/www.nolana-schafe.de\/de-pages\/wp-content\/uploads\/Mora_05_Morada_Nova_Bock.jpg 932w\" sizes=\"auto, (max-width: 150px) 100vw, 150px\" \/><\/a>Diese Haarschafrasse ist im Nordosten Brasiliens weit verbreitet. Morada Nova-Schafe stehen im Stoffumsatztyp, sind einfarbig rotbraun mit hellem bis weissen Kopf und weisen eine gro\u00dfe \u00c4hnlichkeit mit den westafrikanischen Sahel-Schafen auf. Sie kommen in verschiedenen Farben vor, der einfarbig rostbraune Typ ist allerdings weit verbreitet. Exemplare aus verbesserten Herden sind ph\u00e4notypisch nahezu identisch mit den rotbraunen Haarschafen, die in Mexico und Kuba als &#8222;Pelibuey&#8220; und in Kolumbien, Venezuela und in der Karibik als &#8222;Africano Rojo&#8220; bezeichnet werden.<\/p>\n<p style=\"text-align: justify;\">Alle Haarschafe S\u00fcdamerikas kamen urspr\u00fcnglich als Lebendproviant mit den Sklaven-schiffen aus Westafrika an die karibischen und nordostbrasilianischen K\u00fcsten. Die Tiere, die auf der Seereise nicht verbraucht wurden, gelangten in die Landeszucht (Henry Koster, Travels in Brazil, London, 1816). In der Karibik entstanden durch Einkreuzung von Schafen aus den L\u00e4ndern der spanischen holl\u00e4ndischen, englischen, d\u00e4nischen und franz\u00f6sischen Kolonialm\u00e4chte regionaltypische Schl\u00e4ge und Rassen, die auf dem Seeweg auch in andere s\u00fcdamerikanische L\u00e4nder gelangten. Die portugiesische Krone brachte dar\u00fcber hinaus in gro\u00dfen Umfange Rinder und Schafe aus ihren afrikanischen und indischen Besitzungen nach Brasilien. Der so entstandene &#8222;Genmix&#8220; ist heute nicht mehr in allen F\u00e4llen aufzuschl\u00fcsseln. So gilt denn auch der genaue Ursprung der brasilianischen Morada Nova-Rasse als ungekl\u00e4rt. Der brasilianische Tierzuchtwissenschaftler Ot\u00e1vio Domingues fand diese Schafe im Jahre 1937 auf seinen Reisen durch das Interior der Bundesstaaten Cear\u00e1 und Piau\u00ed und benannte sie nach der Ortschaft, wo er sie angetroffen hatte, &#8222;Morada Nova&#8220;.<br \/>\nDie Leistungen entsprechen denen der Barbados Blackbelly-Rasse bei allerdings etwas niederigerer Fruchtbarkeit.<\/p>\n<p>Weiter f\u00fchrende Informationen finden Sie auf folgenden Webseiten:<\/p>\n<p>Associa\u00e7\u00e3o Brasileira de Criadores de Ovinos<br \/>\n<a href=\"http:\/\/www.arcoovinos.com.br\/\">http:\/\/www.arcoovinos.com.br\/<\/a><br \/>\nDas brasilianische staatliche Schaf- und Ziegenforschungszentrum <a href=\"http:\/\/www.cnpc.embrapa.br\/\">http:\/\/www.cnpc.embrapa.br\/<\/a><br \/>\nRevista Caprinos &amp; Ovinos:<br \/>\n<a href=\"http:\/\/www.revistaovinosecaprinos.com.br\/home.asp\">http:\/\/www.revistaovinosecaprinos.com.br\/home.asp<\/a>[\/vc_column_text]<div class=\"ult-spacer spacer-69f31f001dfc2\" data-id=\"69f31f001dfc2\" data-height=\"15\" data-height-mobile=\"15\" data-height-tab=\"15\" data-height-tab-portrait=\"\" data-height-mobile-landscape=\"\" style=\"clear:both;display:block;\"><\/div>[\/vc_column][\/vc_row][vc_row][vc_column width=&#8220;1\/1&#8243;]<div class=\"wf-container dt-gallery-container dt-photos-shortcode loading-effect-flip iso-container\" data-padding=\"20px\" data-cur-page=\"1\" data-width=\"150px\" data-columns=\"3\"><div class=\"wf-cell iso-item\" data-post-id=\"835\" data-date=\"2015-07-05T11:47:33+00:00\" data-name=\"Mora_05_Morada_Nova_Bock\">\n<article class=\"post post-835 attachment type-attachment status-inherit hentry no-img description-off\">\n\n\t<figure class=\"rollover-project links-hovers-disabled\">\n\t<a href=\"https:\/\/www.nolana-schafe.de\/de-pages\/wp-content\/uploads\/Mora_05_Morada_Nova_Bock.jpg\" class=\"rollover rollover-zoom dt-pswp-item layzr-bg\" title=\"Mora_05_Morada_Nova_Bock\" data-dt-img-description=\"\"  data-large_image_width=\"932\" data-large_image_height = \"928\" ><img fetchpriority=\"high\" decoding=\"async\" class=\"preload-me iso-lazy-load aspect\" src=\"data:image\/svg+xml,%3Csvg%20xmlns%3D&#39;http%3A%2F%2Fwww.w3.org%2F2000%2Fsvg&#39;%20viewBox%3D&#39;0%200%20225%20224&#39;%2F%3E\" data-src=\"https:\/\/www.nolana-schafe.de\/de-pages\/wp-content\/uploads\/Mora_05_Morada_Nova_Bock-225x224.jpg\" data-srcset=\"https:\/\/www.nolana-schafe.de\/de-pages\/wp-content\/uploads\/Mora_05_Morada_Nova_Bock-225x224.jpg 225w, https:\/\/www.nolana-schafe.de\/de-pages\/wp-content\/uploads\/Mora_05_Morada_Nova_Bock-450x448.jpg 450w\" loading=\"eager\" style=\"--ratio: 225 \/ 224\" sizes=\"(max-width: 225px) 100vw, 225px\" alt=\"\" width=\"225\" height=\"224\"  \/><\/a>\t<\/figure>\n<\/article>\n\n<\/div><div class=\"wf-cell iso-item\" data-post-id=\"836\" data-date=\"2015-07-05T11:47:34+00:00\" data-name=\"Mora_06_Morada_Nova_Gruppe\">\n<article class=\"post post-836 attachment type-attachment status-inherit hentry no-img description-off\">\n\n\t<figure class=\"rollover-project links-hovers-disabled\">\n\t<a href=\"https:\/\/www.nolana-schafe.de\/de-pages\/wp-content\/uploads\/Mora_06_Morada_Nova_Gruppe.jpg\" class=\"rollover rollover-zoom dt-pswp-item layzr-bg\" title=\"Mora_06_Morada_Nova_Gruppe\" data-dt-img-description=\"\"  data-large_image_width=\"1572\" data-large_image_height = \"436\" ><img decoding=\"async\" class=\"preload-me iso-lazy-load aspect\" src=\"data:image\/svg+xml,%3Csvg%20xmlns%3D&#39;http%3A%2F%2Fwww.w3.org%2F2000%2Fsvg&#39;%20viewBox%3D&#39;0%200%20225%2062&#39;%2F%3E\" data-src=\"https:\/\/www.nolana-schafe.de\/de-pages\/wp-content\/uploads\/Mora_06_Morada_Nova_Gruppe-225x62.jpg\" data-srcset=\"https:\/\/www.nolana-schafe.de\/de-pages\/wp-content\/uploads\/Mora_06_Morada_Nova_Gruppe-225x62.jpg 225w, https:\/\/www.nolana-schafe.de\/de-pages\/wp-content\/uploads\/Mora_06_Morada_Nova_Gruppe-450x124.jpg 450w\" loading=\"eager\" style=\"--ratio: 225 \/ 62\" sizes=\"(max-width: 225px) 100vw, 225px\" alt=\"\" width=\"225\" height=\"62\"  \/><\/a>\t<\/figure>\n<\/article>\n\n<\/div><\/div>[\/vc_column][\/vc_row]<\/p>\n<\/div>","protected":false},"excerpt":{"rendered":"<p>[vc_row][vc_column][vc_column_text] Morada Nova-Schafe in Brasilien Diese Haarschafrasse ist im Nordosten Brasiliens weit verbreitet. Morada Nova-Schafe stehen im Stoffumsatztyp, sind einfarbig rotbraun mit hellem bis weissen Kopf und weisen eine gro\u00dfe \u00c4hnlichkeit mit den westafrikanischen Sahel-Schafen auf. Sie kommen in verschiedenen Farben vor, der einfarbig rostbraune Typ ist allerdings weit verbreitet. Exemplare aus verbesserten Herden sind&hellip;<\/p>\n","protected":false},"author":1,"featured_media":0,"parent":19,"menu_order":0,"comment_status":"closed","ping_status":"closed","template":"","meta":{"footnotes":""},"class_list":["post-635","page","type-page","status-publish","hentry","description-off"],"_links":{"self":[{"href":"https:\/\/www.nolana-schafe.de\/de-pages\/wp-json\/wp\/v2\/pages\/635","targetHints":{"allow":["GET"]}}],"collection":[{"href":"https:\/\/www.nolana-schafe.de\/de-pages\/wp-json\/wp\/v2\/pages"}],"about":[{"href":"https:\/\/www.nolana-schafe.de\/de-pages\/wp-json\/wp\/v2\/types\/page"}],"author":[{"embeddable":true,"href":"https:\/\/www.nolana-schafe.de\/de-pages\/wp-json\/wp\/v2\/users\/1"}],"replies":[{"embeddable":true,"href":"https:\/\/www.nolana-schafe.de\/de-pages\/wp-json\/wp\/v2\/comments?post=635"}],"version-history":[{"count":4,"href":"https:\/\/www.nolana-schafe.de\/de-pages\/wp-json\/wp\/v2\/pages\/635\/revisions"}],"predecessor-version":[{"id":998,"href":"https:\/\/www.nolana-schafe.de\/de-pages\/wp-json\/wp\/v2\/pages\/635\/revisions\/998"}],"up":[{"embeddable":true,"href":"https:\/\/www.nolana-schafe.de\/de-pages\/wp-json\/wp\/v2\/pages\/19"}],"wp:attachment":[{"href":"https:\/\/www.nolana-schafe.de\/de-pages\/wp-json\/wp\/v2\/media?parent=635"}],"curies":[{"name":"wp","href":"https:\/\/api.w.org\/{rel}","templated":true}]}}